1357.
1357
Calculate the highest common divisor of 378097 and 153753.
967
Calculate the greatest common factor of 2953 and 247984081.
2953
What is the highest common divisor of 3876 and 335796?
12
What is the highest common factor of 180 and 1721394?
18
Calculate the greatest common factor of 148 and 9691262.
74
Calculate the highest common factor of 40492 and 182596.
764
Calculate the highest common factor of 12177 and 1870803.
297
What is the greatest common divisor of 109129428 and 1998?
666
What is the highest common divisor of 23448 and 98664?
24
Calculate the highest common divisor of 2678800 and 75.
25
Calculate the highest common factor of 28 and 613506236.
28
Calculate the highest common factor of 39562323 and 514.
257
Calculate the highest common factor of 876 and 690876.
12
What is the highest common divisor of 38 and 62360926?
38
What is the greatest common divisor of 50 and 2632290?
10
Calculate the highest common divisor of 262880 and 23077578.
3286
Calculate the highest common factor of 5920 and 2165610.
370
What is the highest common factor of 27020866 and 12490?
2498
Calculate the greatest common factor of 5033 and 66119959.
719
Calculate the greatest common factor of 139629 and 636342.
2289
Calculate the greatest common divisor of 12054808 and 760.
8
Calculate the greatest common divisor of 54027 and 137042487.
6003
What is the highest common divisor of 388761 and 63?
3
What is the highest common divisor of 96 and 122816016?
48
Calculate the highest common factor of 60901 and 2.
1
What is the greatest common factor of 61360004 and 2993?
73
What is the greatest common factor of 8535 and 701?
1
Calculate the highest common factor of 22582 and 36302.
14
Calculate the greatest common divisor of 104 and 9830015.
13
Calculate the highest common factor of 140675898 and 462.
66
What is the greatest common factor of 29524 and 1005389?
121
What is the highest common factor of 155965066 and 82?
82
What is the highest common factor of 1368 and 130729272?
456
What is the greatest common factor of 397 and 6558043?
397
What is the greatest common factor of 1736898 and 59271?
2577
What is the greatest common divisor of 888 and 172311738?
222
Calculate the highest common factor of 6828 and 747588.
12
What is the greatest common factor of 84651 and 1963097?
4031
Calculate the highest common divisor of 450 and 2782875.
75
What is the highest common divisor of 5520 and 14360832?
1104
What is the greatest common divisor of 611 and 520052?
13
Calculate the greatest common factor of 1085 and 5140265.
155
Calculate the greatest common factor of 173023 and 17.
1
What is the highest common factor of 215154 and 5706?
18
Calculate the greatest common divisor of 8451378 and 5022.
162
Calculate the highest common factor of 473112 and 2844.
36
Calculate the greatest common factor of 748 and 41283.
11
Calculate the highest common divisor of 40464 and 10803607.
281
Calculate the highest common divisor of 18324 and 4364694.
18
What is the greatest common factor of 374076 and 30?
6
What is the highest common divisor of 38384266 and 748?
34
Calculate the greatest common divisor of 24391538 and 4962.
1654
What is the highest common factor of 137846785 and 1099?
157
Calculate the greatest common divisor of 181288 and 1556231.
527
Calculate the greatest common factor of 44851 and 1119.
1
What is the greatest common divisor of 1739564 and 360772?
3572
Calculate the greatest common factor of 2470375 and 155.
5
What is the highest common divisor of 9111378 and 54?
6
Calculate the greatest common divisor of 2526205 and 161.
23
What is the highest common divisor of 10536508 and 1297732?
6724
Calculate the highest common divisor of 15987 and 10597629.
219
What is the highest common divisor of 2380 and 71559460?
2380
What is the greatest common divisor of 952 and 1589672?
56
Calculate the highest common divisor of 24 and 978617484.
12
Calculate the greatest common divisor of 1790022 and 312.
78
What is the highest common factor of 35017 and 322331?
97
Calculate the highest common divisor of 29724885 and 270.
45
Calculate the greatest common divisor of 1408 and 16578496.
704
What is the highest common divisor of 105041 and 5151576?
4567
Calculate the greatest common divisor of 190 and 5340102.
38
What is the highest common factor of 560 and 28105?
35
What is the greatest common divisor of 11648 and 58523920?
1456
Calculate the greatest common factor of 383796 and 7588.
28
What is the highest common divisor of 404432 and 587328?
2576
What is the greatest common divisor of 226620 and 3060?
180
What is the greatest common factor of 6110 and 86661420?
470
What is the greatest common factor of 4032 and 609693?
21
Calculate the greatest common divisor of 46568604 and 24.
12
What is the greatest common factor of 15257 and 207101?
73
Calculate the greatest common factor of 14219 and 17759.
59
What is the highest common divisor of 576 and 1524294432?
288
What is the highest common divisor of 482355 and 468063?
3573
Calculate the greatest common divisor of 80 and 6062304.
16
Calculate the highest common factor of 244330 and 6784.
106
What is the highest common divisor of 19798398 and 62?
62
Calculate the highest common divisor of 7901761 and 742.
7
What is the greatest common factor of 3195 and 229635?
45
Calculate the highest common factor of 3672 and 27119556.
1836
What is the greatest common factor of 78160 and 420060?
20
What is the highest common divisor of 21120 and 10110?
30
Calculate the highest common factor of 17862 and 215833416.
1374
Calculate the highest common factor of 4787222 and 14696.
3674
What is the greatest common factor of 150780828 and 228?
12
Calculate the greatest common divisor of 18 and 64259991.
9
What is the greatest common divisor of 52613127 and 69741?
2583
What is the highest common factor of 35 and 79124010?
35
Calculate the greatest common divisor of 3370011 and 3078.
57
What is the highest common factor of 2680230 and 15870?
30
What is the highest common factor of 1417181 and 316?
79
What is the greatest common divisor of 599197348 and 268?
268
What is the greatest common factor of 3585950 and 150?
50
Calculate the highest common divisor of 2926 and 16820902.
14
What is the greatest common divisor of 173049 and 243?
3
Calculate the greatest common factor of 16364 and 72848.
4
Calculate the greatest common factor of 54103248 and 41283.
3753
Calculate the greatest common divisor of 83300 and 85884.
68
Calculate the greatest common factor of 66691300 and 79895.
4205
Calculate the greatest common divisor of 49289 and 951492.
2143
What is the highest common factor of 1041 and 80328071?
347
What is the greatest common divisor of 170477510 and 50?
10
Calculate the greatest common divisor of 626619 and 25599.
1113
What is the highest common factor of 246423689 and 103?
103
What is the highest common factor of 1001144 and 288328?
184
Calculate the greatest common factor of 39207 and 16989.
21
What is the highest common factor of 2393828 and 8?
4
What is the highest common factor of 27113 and 156459134?
1427
What is the highest common divisor of 172797728 and 32?
32
What is the highest common divisor of 612 and 2559636?
36
Calculate the greatest common factor of 725480 and 64750.
70
Calculate the highest common divisor of 365472 and 7152.
48
Calculate the highest common factor of 97858 and 25086.
226
What is the greatest common divisor of 5858169 and 1121?
59
What is the greatest common factor of 13401 and 1395?
9
Calculate the highest common divisor of 90 and 96813126.
18
What is the greatest common divisor of 169 and 14831791?
13
Calculate the greatest common divisor of 27 and 10664811.
27
Calculate the greatest common divisor of 122328411 and 327.
327
Calculate the greatest common divisor of 2243 and 1590.
1
Calculate the highest common divisor of 3889242 and 546.
42
What is the greatest common divisor of 1105 and 63592750?
1105
Calculate the highest common divisor of 2430 and 22452714.
486
Calculate the highest common divisor of 4312 and 49843486.
1078
Calculate the highest common factor of 43100264 and 185.
37
What is the greatest common factor of 1641307 and 1633?
71
Calculate the greatest common factor of 14282908 and 83904.
1748
Calculate the g